ivide 924?
True
Does 39 divide 507?
True
Is 3 a factor of 330?
True
Is 52 a factor of 4316?
True
Is 5 a factor of 4640?
True
Is 6 a factor of 9233?
False
Is 1274 a multiple of 14?
True
Does 7 divide 1442?
True
Is 32 a factor of 174?
False
Does 48 divide 608?
False
Does 73 divide 2246?
False
Is 253 a multiple of 23?
True
Does 13 divide 2665?
True
Is 74 a factor of 3203?
False
Is 710 a multiple of 5?
True
Does 10 divide 32009?
False
Does 28 divide 504?
True
Is 23 a factor of 770?
False
Is 111 even?
False
Does 31 divide 6355?
True
Is 2868 a multiple of 50?
False
Does 9 divide 376?
False
Does 2 divide 1123?
False
Is 16 a factor of 48?
True
Does 26 divide 988?
True
Is 69 a factor of 10350?
True
Does 10 divide 103415?
False
Is 1092 a multiple of 53?
False
Does 102 divide 79492?
False
Does 33 divide 2211?
True
Does 30 divide 3120?
True
Is 20076 a multiple of 28?
True
Is 3588 a multiple of 78?
True
Is 125370 a multiple of 315?
True
Is 27360 a multiple of 180?
True
Is 19 a factor of 3322?
False
Is 161 a factor of 10143?
True
Is 9243 a multiple of 13?
True
Is 39 a factor of 5226?
True
Is 13 a factor of 15492?
False
Is 2439 a multiple of 9?
True
Does 49 divide 1666?
True
Is 216 a multiple of 27?
True
Is 61 a factor of 337?
False
Does 9 divide 423?
True
Is 2052 a multiple of 54?
True
Is 15 a factor of 98209?
False
Is 47 a factor of 3525?
True
Is 212 a factor of 1908?
True
Is 37 a factor of 425?
False
Is 72076 a multiple of 15?
False
Is 14392 a multiple of 14?
True
Is 11 a factor of 22?
True
Is 1482 a multiple of 38?
True
Does 33 divide 26136?
True
Does 12 divide 442?
False
Is 37 a multiple of 30?
False
Is 202 a factor of 660?
False
Is 31530 a multiple of 15?
True
Is 16 a factor of 160?
True
Is 3 a factor of 142?
False
Does 53 divide 424?
True
Is 1954 a multiple of 36?
False
Is 153 a multiple of 9?
True
Is 50 a factor of 20750?
True
Does 14 divide 34004?
False
Is 720 a multiple of 24?
True
Does 112 divide 888?
False
Is 19968 a multiple of 24?
True
Is 21 a factor of 294?
True
Is 16 a factor of 66016?
True
Does 5 divide 35304?
False
Does 14 divide 80?
False
Does 55 divide 4837?
False
Is 57 a factor of 2042?
False
Does 65 divide 1753?
False
Is 10519 a multiple of 157?
True
Does 16 divide 4112?
True
Does 11 divide 330?
True
Is 20 a factor of 53581?
False
Is 921 a multiple of 51?
False
Is 153 a factor of 21577?
False
Is 193 a factor of 63932?
False
Is 1954 a multiple of 10?
False
Does 180 divide 23637?
False
Is 1524 a multiple of 12?
True
Does 64 divide 5568?
True
Is 42875 a multiple of 69?
False
Is 7 a factor of 86?
False
Does 7 divide 875?
True
Is 79 a factor of 1712?
False
Does 81 divide 3307?
False
Does 6 divide 2974?
False
Is 21 a factor of 462?
True
Is 7597 a multiple of 71?
True
Is 94 even?
True
Is 6 a factor of 9087?
False
Is 139 a factor of 58285?
False
Does 58 divide 2282?
False
Does 80 divide 54498?
False
Is 314 a multiple of 43?
False
Is 76 a factor of 16552?
False
Does 13 divide 4355?
True
Does 7 divide 9989?
True
Is 6 a factor of 3051?
False
Does 15 divide 43332?
False
Is 28017 a multiple of 10?
False
Does 225 divide 65475?
True
Is 26 a factor of 22880?
True
Is 1806 a multiple of 9?
False
Is 8 a factor of 440?
True
Is 57 a factor of 1026?
True
Is 45 a factor of 2142?
False
Is 14678 a multiple of 82?
True
Is 9 a factor of 25857?
True
Does 120 divide 4125?
False
Is 13 a factor of 173?
False
Is 32 a factor of 253?
False
Does 205 divide 13325?
True
Is 13179 a multiple of 69?
True
Does 61 divide 9272?
True
Does 8 divide 208?
True
Does 13 divide 1783?
False
Is 12 a factor of 168?
True
Is 28 a multiple of 28?
True
Is 8796 a multiple of 30?
False
Is 81696 a multiple of 111?
True
Does 50 divide 2533?
False
Is 9911 a multiple of 53?
True
Does 125 divide 28625?
True
Is 77 a factor of 21483?
True
Does 3 divide 1165?
False
Is 98 a factor of 53116?
True
Does 88 divide 18040?
True
Is 7230 a multiple of 15?
True
Does 34 divide 30906?
True
Does 32 divide 338?
False
Is 13 a factor of 481?
True
Does 6 divide 126?
True
Does 20 divide 680?
True
Is 18 a factor of 7391?
False
Is 41 a factor of 27306?
True
Is 5 a factor of 4930?
True
Is 8937 a multiple of 8?
False
Is 162 a factor of 2811?
False
Does 29 divide 29464?
True
Is 7779 a multiple of 3?
True
Is 7 a factor of 12460?
True
Is 19582 a multiple of 2?
True
Is 18 a factor of 2682?
True
Is 14196 a multiple of 14?
True
Is 10 a factor of 2520?
True
Is 17210 a multiple of 10?
True
Does 5 divide 47?
False
Is 2127 a multiple of 12?
False
Is 111 a multiple of 18?
False
Is 24 a multiple of 4?
True
Is 5137 a multiple of 22?
False
Is 16616 a multiple of 22?
False
Is 540 a multiple of 9?
True
Is 60 a factor of 5460?
True
Is 10 a factor of 226?
False
Is 12403 a multiple of 142?
False
Is 33 a factor of 825?
True
Does 7 divide 207?
False
Is 3 a factor of 139?
False
Does 13 divide 1144?
True
Is 7 a factor of 4291?
True
Does 13 divide 437?
False
Is 10944 a multiple of 96?
True
Is 144 a factor of 48424?
False
Is 3360 a multiple of 20?
True
Is 17 a factor of 14365?
True
Is 33112 a multiple of 27?
False
Does 11 divide 55?
True
Is 46 a factor of 2300?
True
Is 19 a factor of 24916?
False
Is 186 a multiple of 2?
True
Does 238 divide 73806?
False
Is 6065 a multiple of 16?
False
Is 255 a multiple of 17?
True
Is 111 a factor of 9332?
False
Is 4 a factor of 630?
False
Is 19887 a multiple of 21?
True
Is 78 a factor of 4524?
True
Is 98975 a multiple of 25?
True
Does 74 divide 16706?
False
Is 757 a multiple of 36?
False
Is 8316 a multiple of 54?
True
Is 37446 a multiple of 51?
False
Is 1544 a multiple of 27?
False
Does 17 divide 37111?
True
Is 72 a factor of 250?
False
Is 1643 a multiple of 55?
False
Is 41065 a multiple of 43?
True
Is 65 a factor of 9579?
False
Is 91 a factor of 1664?
False
Is 14 a factor of 79475?
False
Is 18171 a multiple of 9?
True
Is 4695 a multiple of 31?
False
Is 4 a factor of 5270?
False
Does 33 divide 204?
False
Does 9 divide 1199?
False
Is 19836 a multiple of 18?
True
Is 736 a multiple of 23?
True
Does 9 divide 888?
False
Is 101 a factor of 808?
True
Is 80 a factor of 42029?
False
Is 29352 a multiple of 6?
True
Does 12 divide 3069?
False
Does 96 divide 21120?
True
Does 36 divide 23256?
True
Is 1800 a multiple of 5?
True
Does 224 divide 7840?
True
Is 20 a factor of 12860?
True
Is 51 a multiple of 17?
True
Does 59 divide 11210?
True
Does 3 divide 377?
False
Is 2596 a multiple of 91?
False
Is 48866 a multiple of 21?
False
Does 34 divide 2977?
False
Does 12 divide 72?
True
Does 6 divide 565?
False
Does 18 divide 462?
False
Does 28 divide 11091?
False
Is 7 a factor of 363?
False
Does 17 divide 476?
True
Is 22 a factor of 4928?
True
Does 7 divide 3850?
True
Is 92 a factor of 122084?
True
Does 11 divide 4659?
False
Is 604 a multiple of 2?
True
Is 6 a factor of 408?
True
Is 2819 a multiple of 33?
False
Does 19 divide 72181?
True
Is 94 a factor of 3102?
True
Is 104 a factor of 8613?
False
Is 35399 a multiple of 91?
True
Does 251 divide 51714?
False
Does 49 divide 833?
True
Is 7 a factor of 4830?
True
Is 4 a factor of 47?
False
Is 20 a factor of 2740?
True
Is 2329 a multiple of 17?
True
Is 186 a multiple of 6?
True
Does 92 divide 9108?
True
Is 80940 a multiple of 10?
True
Is 33 a factor of 104940?
True
Does 62 divide 18711?
False
Is 7 a factor of 401?
False
Does 72 divide 5207?
False
Is 28 a factor of 56?
True
Is 51 a factor of 27897?
True
Does 141 divide 46779?
False
Does 59 divide 6925?
False
Is 287 a multiple of 5?
False
Is 53 a multiple of 28?
False
Does 13 divide 208?
True
Is 3 a factor of 262?
False
Is 2375 a multiple of 19?
True
Is 1602 a multiple of 9?
True
Is 168 a factor of 6888?
True
Is 39 a factor of 39500?
False
Is 678 a multiple of 113?
True
Is 44 a factor of 2816?
True
Does 11 divide 7088?
False
Does 17 divide 14458?
False
Is 2964 a multiple of 12?
True
Does 39 divide 1202?
False
Is 36 a factor of 365?
False
Is 13 a factor of 9620?
True
Is 2889 a multiple of 9?
True
Is 13 a factor of 95108?
True
Is 10 a factor of 86?
False
Is 7745 a multiple of 18?
False
Is 7 a factor of 1781?
False
Does 53 divide 6522?
False
Is 5590 a multiple of 83?
False
Does 91 divide 3913?
True
Is 461 a multiple of 33?
False
Is 6 a factor of 72?
True
Is 15 a factor of 330?
True
Does 51 divide 54111?
True
Is 44076 a multiple of 24?
False
Is 